 p.
379
Suppose 0 = 5*g + 3*d - 34949, g - d - 4871 = 2114. List the prime factors of g.
2, 1747
Let o(c) be the second derivative of 7*c**3/3 + 20*c**2 - 36*c - 1. Suppose -4*i - 4 = -2*s - 60, s - 28 = -2*i. List the prime factors of o(i).
2, 59
Suppose -2 - 1 = x - c, 3*c = 5*x + 5. Suppose -5*w = -5*u - x*w - 22, 14 = u + 4*w. Let f(i) = -3*i**3 - i**2 + 5*i + 4. What are the prime factors of f(u)?
2, 7
Suppose -2*c - h - 4 = -5, 2*c + 2*h = -4. Let m(w) be the third derivative of w**5/20 - w**4/8 + w**3/6 - 492*w**2. List the prime factors of m(c).
19
Suppose 11*m - 5 - 6 = 0. What are the prime factors of (-1 + 315/(-6))*-2*m?
107
Let h(f) = f**3 + 9*f**2 - 7*f + 23. Let b be h(-10). Let u(p) = -p + 56. List the prime factors of u(b).
3, 7
Suppose 5*z = 8*z + 42. What are the prime factors of 4*(4179/z)/(-3)?
2, 199
Suppose 136*m + 160*m - 50*m - 6936216 = 0. What are the prime factors of m?
2, 7, 19, 53
Let u(d) = -61*d**3 + 5*d**2 - 13*d. Let z(p) = 32*p**3 - 2*p**2 + 7*p. Let c(i) = -3*u(i) - 5*z(i). List the prime factors of c(3).
2, 3, 7
List the prime factors of 105/(-6)*((-49356)/15)/9.
2, 7, 457
Let k = 196299 + -132188. List the prime factors of k.
61, 1051
List the prime factors of (39 - 41)/(16/168 - 16273/170646).
2, 17, 239
Suppose -3*l - 11*f + 13*f + 6957 = 0, -l + 2*f = -2311. What are the prime factors of l?
23, 101
Let h(v) be the first derivative of -3*v**4/4 + v**3 + 3*v**2 + v - 8. Let t be h(-5). Suppose x = -5*a + 4*x + t, -8 = 4*x. What are the prime factors of a?
83
Let z(a) = -a + 13. Let w be z(8). Let v be (w/(-3))/(-4 - (-146)/36). List the prime factors of 408/v*(2 + -12).
2, 17
Let x be (6/2)/(25/25). Suppose -3*p + 32 = 4*c + p, -x*c = 2*p - 24. Suppose 2*v + 4 = c. List the prime factors of v.
2
Let u(t) = t**2 - 31*t + 665. Let p be u(0). Let a = p + -595. What are the prime factors of a?
2, 5, 7
List the prime factors of (-40)/20 - (6/2 + 4807*-1).
2, 7
Let p = 468 + -107. Suppose -p*q = -367*q + 672. What are the prime factors of q?
2, 7
Let b(o) = 3*o**3 - o**2 - 11*o - 2. Let r be b(-6). Let d = 1354 + r. List the prime factors of d.
2, 367
Let u(o) = -643*o + 6. Let x be u(2). Let h = 120 - x. List the prime factors of h.
2, 5, 7
What are the prime factors of (24/(-36))/(14/(-1596063))?
76003
Suppose 12*j - 17*j = 0. Suppose j = 2*h - 0*h + 2*u - 516, 3*h - u = 762. What are the prime factors of h?
3, 5, 17
Let i(n) = 95*n - 1380. What are the prime factors of i(74)?
2, 5, 113
Let i be (1 - (-116)/1) + 84/(-28). Suppose 113*z = i*z - 470. What are the prime factors of z?
2, 5, 47
Let z be 13 + -13 + 48/(-2). Let l be ((-12)/z)/(2/36). Suppose -d = -l*d + 384. List the prime factors of d.
2, 3
Suppose x + 871 = 47. Let y = 37 - x. List the prime factors of y.
3, 7, 41
Suppose 4*d - 1 = 5*d. Let w(i) be the first derivative of -135*i**4/4 + i**3/3 + 3*i**2/2 + 2*i - 368. List the prime factors of w(d).
3, 5
Suppose -5*t = -5332 - 1933. Suppose 1945 = 5*w + 5*n, -3*n - 468 = -5*w + t. What are the prime factors of w/16 - (-27)/(-216)?
2, 3
Let h = 157 + -156. What are the prime factors of (3/2)/(h/114)?
3, 19
Let i(f) be the third derivative of f**6/120 + 13*f**5/60 + 7*f**4/12 + 5*f**3/3 + 8*f**2. List the prime factors of i(-11).
2, 7
Suppose -3*z + 2*f - 3*f + 9 = 0, -z + 14 = 4*f. Let k be ((-7)/(-3) - z) + (-100)/(-15). Suppose k*x = 3*x + 1000. What are the prime factors of x?
2, 5
Let d(s) = 6*s**3 + s**2 + 3*s. Let u(x) = x - 7. Let f be u(11). What are the prime factors of d(f)?
2, 103
Suppose 5*v - 2*v + 5*p - 5 = 0, 3*p = 3. Suppose 4*h = v, h = -7*l + 5*l + 1360. List the prime factors of l.
2, 5, 17
Suppose x + 2*n - 595 = 0, 5*x - x - 2369 = 3*n. Suppose -110*t - 2849 = -103*t. Let w = x + t. List the prime factors of w.
2, 3, 31
Suppose 608*o = 596*o + 46872. List the prime factors of 2/(-4 + 15631/o).
2, 3, 31
Let n(k) = -k**3 - 23*k**2 + 108*k + 17. Let m be n(-27). Suppose -m*p - 2119 = -7185. What are the prime factors of p?
2, 149
Let h(m) = -3*m**3 + 21*m**2 + 521*m + 7. What are the prime factors of h(-14)?
3, 7, 241
Let t be (20 - (0 - 0))/2. Suppose -y = -t*y - 81. Let a(f) = -f**3 - 7*f**2 + 11*f + 30. List the prime factors of a(y).
3, 31
Suppose 0*f + 621 + 28875 = 4*f. List the prime factors of f.
2, 3, 1229
Suppose 5*s + 3*r = -68, 0 = s - 5*r + 28 + 8. Let g(n) = -14*n + 7. What are the prime factors of g(s)?
3, 7, 11
Let u(a) = -30007*a - 2579. List the prime factors of u(-3).
2, 43721
Let w(v) = 524*v**2 - 890*v - 1. List the prime factors of w(-3).
5, 7, 211
Let s(z) = -z**3 - 9*z**2 - 16*z - 8. Let q be s(-7). Let n(o) = 3*o**3 - 4*o**2 + 5*o - 36. What are the prime factors of n(q)?
2, 3, 83
Suppose -5*h + 50 + 375 = 0. Let q = h - 86. List the prime factors of (-1 + -93)*(q - 1).
2, 47
Suppose -17 - 37 = -2*p. Let h = p + -27. Suppose 116 = g - 4*a, -g + h*a - 3*a + 109 = 0. What are the prime factors of g?
2, 7
Suppose 4*r = -55 - 49. Let c = -40 - r. Let o = 68 + c. What are the prime factors of o?
2, 3
Let b(o) = 38*o**2 - 11*o - 1717. List the prime factors of b(30).
11, 37, 79
Suppose 0 = -h - t + 3*t - 6, -3*h = -5*t + 17. Let j be 0 - 3/6*h. Suppose -2*q + 7*q + 3*a = 345, -138 = -j*q + 5*a. List the prime factors of q.
3, 23
Let f be (15/10)/(3/26). Suppose f*m - 88 = 367. Suppose -m - 106 = -3*k. What are the prime factors of k?
47
Suppose -658*l - 25374 = -664*l. Let h = -2590 + l. What are the prime factors of h?
11, 149
Let c be (-2180)/10*(-2)/(-4). Let m = -243 - c. Let o = m + 192. List the prime factors of o.
2, 29
Suppose 0 = d - 6*d - 5*g - 20, 0 = 3*d - 4*g + 12. Let t be 46/1*d/(-8). Suppose 24*o - 66 = t*o. What are the prime factors of o?
2, 3, 11
Let t(a) = -14*a - 4. Let g be (-7 - -5) + 1*-11. Let u(d) = -3*d**2 - 38*d + 11. Let y be u(g). What are the prime factors of t(y)?
2, 3
Suppose -5*y + 279 = -36*y. What are the prime factors of 2 + (24/8)/(y/(-3291))?
7, 157
Let u(f) = f**3 - 38*f**2 + f - 35. Let z be u(38). What are the prime factors of (-8)/z + 262288/312?
2, 419
Let h = 39647 + -23289. What are the prime factors of h?
2, 8179
Let b be 2 + 1 + -12 - -1. Let i(l) = -1 - 16*l + l**2 + 46*l - 13*l - 12*l. What are the prime factors of i(b)?
23
List the prime factors of (-205 + 196)/(1/(-3223)).
3, 11, 293
Suppose -4*b + 2*k - 625 - 1283 = 0, 480 = -b + 2*k. Let t = 1173 + b. What are the prime factors of t?
17, 41
Suppose 0 = 134*u - 145*u + 51744. List the prime factors of u.
2, 3, 7
Let c(n) = 9 + 2 - 29*n + 11*n - 19*n. What are the prime factors of c(-8)?
307
Suppose -2*d + 2514 = 4*c, c - 6285 = -5*d - 2*c. Let l = d - 285. Suppose -26*q = -17*q - l. List the prime factors of q.
2, 3
Suppose 253591 = 62*a - 303231. What are the prime factors of a?
7, 1283
Let j = -4132 + 15138. List the prime factors of j.
2, 5503
Let f(c) = -185*c + 1629. List the prime factors of f(-12).
3, 1283
Let y(m) = m**3 - 10*m**2 - 40*m + 56. Let n be y(16). Suppose 0 = 3*c - n - 368. What are the prime factors of c?
2, 5, 11
Let m be ((-2)/(-6))/((-7)/(-42)) - -14. Let c = 243 + m. Suppose 0 = -k + 8*k - c. What are the prime factors of k?
37
Let d = 134 - 126. Let u be (d/(-2) - -3)*-63. Suppose -3*v - u = -3*i, -4*i + 108 = -0*i + 2*v. List the prime factors of i.
5
Let t = -3252 + 6590. List the prime factors of t.
2, 1669
Let a be (-257)/(-6) - (-2)/12. Suppose 0 = -5*u + 653 - a. Suppose 0 = -4*l + 8, -4*l + l = -2*d + u. List the prime factors of d.
2
Suppose -3*c = 5*o - 6*c - 14, -3*c + 10 = o. Let z(m) be the first derivative of m**3/3 - m**2 + 6*m + 1350. List the prime factors of z(o).
2, 7
Let h = 130 + -229. Let c = h - -97. What are the prime factors of c + 3/1 + 116?
3, 13
Suppose -110*o + 210*o - 112*o + 26592 = 0. List the prime factors of o.
2, 277
Suppose 27 = -10*j + 19*j. Suppose -g = -2*d + 405, 0 = d - 0*d + j*g - 199. List the prime factors of d.
2, 101
Let s be (-4)/4 - (2 - 7)/(-1). Let a(x) = x**3 + 8*x**2 + 11*x - 2. Let m be a(s). List the prime factors of (41 - 1)/(m/14).
2, 5, 7
Let n(o) = 2*o**2 - 4*o - 11. Let f be n(-5). Let u = f + -50. Suppose u*a - 14*a + 70 = 0. List the prime factors of a.
2, 7
Let x(r) = 4*r**2 - 10*r + 161. List the prime factors of x(-21).
5, 7, 61
Suppose -46*p - 28410 = -51*p. Suppose -